. Give h(123).
3094
Let s(m) = -155*m**2 + 6205*m - 12412. Determine s(2).
-622
Let i(x) = -357*x - 1708. What is i(-5)?
77
Let u(z) = z**2 - 4*z - 418. Give u(21).
-61
Let s(y) = -48*y**2 - 209*y - 839. Determine s(-8).
-2239
Let p(o) = 7227*o + 55811. Calculate p(-8).
-2005
Let d(c) = -23*c**2 + 392*c - 1400. What is d(5)?
-15
Let y(r) = 122*r + 32393. Calculate y(-266).
-59
Let u(y) = 5*y**2 + 105*y - 1761. What is u(13)?
449
Let v(t) = 16*t**2 - 2563*t + 10242. Give v(4).
246
Let l(z) = z**3 - 68*z**2 - 34*z - 1352. Determine l(69).
1063
Let z(u) = -17440*u - 592961. What is z(-34)?
-1
Let j(i) = -26*i**2 - 431*i + 61. Give j(-14).
999
Let x(j) = -23*j + 143. Calculate x(16).
-225
Let o(h) = -479*h - 73146. What is o(-151)?
-817
Let i(l) = -2099*l + 74887. Calculate i(35).
1422
Let s(v) = -92*v**2 + 1036*v + 3530. Calculate s(14).
2
Let s(a) = 19*a**2 + 2672*a - 98670. Determine s(-171).
-3
Let z(u) = u**3 - 115*u**2 - 1809*u + 412. Calculate z(129).
25
Let u(x) = -4*x**3 + 18*x**2 - 2*x + 29. Calculate u(4).
53
Let d(s) = s**3 + 8*s**2 + 214*s + 2298. What is d(-10)?
-42
Let p(c) = 9348*c + 112160. Calculate p(-12).
-16
Let l(p) = 35932*p - 251419. Calculate l(7).
105
Let q(z) = -1380*z - 12556. Determine q(-11).
2624
Let y(q) = q**3 - 422*q**2 - 47310*q + 11315. Give y(514).
7
Let o(y) = -y**2 - 6732*y - 20204. Give o(-3).
-17
Let c(q) = 74886*q - 149773. Determine c(2).
-1
Let j(z) = 247*z + 34616. What is j(-142)?
-458
Let b(o) = -5*o**2 - 1843*o - 7298. Calculate b(-4).
-6
Let y(h) = -h**3 + 267*h**2 + 1101*h - 4597. Give y(271).
10
Let t(s) = 2*s**2 - 3109*s - 37653. Determine t(-12).
-57
Let m(a) = a**3 + 19*a**2 + 207*a + 7439. Determine m(-27).
-3982
Let p(h) = 7*h**2 + 1173*h + 4244. Give p(-164).
144
Let y(b) = 2*b**3 - 146*b**2 + 4*b + 538. Determine y(73).
830
Let s(r) = 159*r - 16324. Determine s(105).
371
Let s(w) = -809*w**2 - 176*w - 164. What is s(-1)?
-797
Let b(m) = -66*m - 6260. Determine b(-98).
208
Let h(z) = 400*z + 23843. Give h(-59).
243
Let j(t) = 145*t**2 - 1791*t + 3635. Calculate j(2).
633
Let l(o) = -19*o**3 - 31*o**2 + 92*o - 3. Give l(3).
-519
Let s(t) = -198781*t + 1788991. Determine s(9).
-38
Let i(j) = 7728*j + 39298. Give i(-5).
658
Let s(y) = -186*y - 157. Give s(-10).
1703
Let d(b) = -5556*b - 522260. Calculate d(-94).
4
Let z(b) = 1819*b - 3381. Calculate z(3).
2076
Let j(x) = -10786*x**2 - 21540*x + 59. What is j(-2)?
-5
Let v(a) = 600*a - 21625. What is v(36)?
-25
Let k(q) = -8*q**3 - 241*q**2 - 32*q - 72. Give k(-30).
-12
Let z(v) = -615*v**3 + 4*v**2 + 23*v - 26. Determine z(1).
-614
Let s(q) = 147*q**2 - 12491*q - 338. Determine s(85).
2
Let h(u) = -u**2 + 757*u + 371540. Calculate h(-339).
-4
Let x(q) = 181*q**2 - 2909*q + 201. What is x(16)?
-7
Let v(p) = p**2 - 19490*p - 390189. Determine v(-20).
11
Let m(l) = -4232*l - 283735. Determine m(-67).
-191
Let i(t) = 9*t**2 + 831*t - 5695. Give i(-99).
245
Let d(r) = 74*r**2 + 632*r + 1267. Calculate d(-2).
299
Let p(r) = 451*r**2 + 12152*r - 629. What is p(-27)?
46
Let g(w) = 1980*w**2 - 10005*w - 10005. What is g(-1)?
1980
Let n(p) = -4*p**3 - 312*p**2 - 388*p - 6108. What is n(-77)?
52
Let h(j) = 2*j**2 + 5960*j - 2003846. What is h(-3285)?
4
Let s(a) = -2*a**2 + 952*a - 92480. What is s(136)?
0
Let x(i) = 3674*i + 4313274. Give x(-1174).
-2
Let g(z) = -8*z**2 + 3205*z + 12830. Determine g(-4).
-118
Let v(h) = -221898*h - 13979569. Calculate v(-63).
5
Let s(f) = f**2 + 168*f + 2161. Determine s(-14).
5
Let u(b) = -4*b**2 + 18*b - 19. Give u(7).
-89
Let f(y) = -25225*y - 1210782. Give f(-48).
18
Let v(a) = a**3 - 7*a**2 + 2262*a - 18066. Calculate v(8).
94
Let h(b) = 2*b**3 - 6*b**2 + 123*b + 18. What is h(10)?
2648
Let s(a) = 8*a**3 - 2912*a**2 - 2912*a - 2915. What is s(365)?
5
Let k(x) = 2*x**2 - 505*x - 68258. Determine k(350).
-8
Let f(x) = -18*x**3 - 26*x**2 + 40*x + 186. Give f(-2).
146
Let x(n) = 18*n - 655. Give x(27).
-169
Let g(b) = -18083*b - 343575. Determine g(-19).
2
Let p(g) = g**3 - 78*g**2 + 726*g - 1610. Give p(7).
-7
Let g(m) = -529*m**2 - 22748*m - 48. Give g(-43).
-5
Let k(y) = 16*y**3 - 134*y**2 - 79*y + 56. Calculate k(9).
155
Let m(j) = 3*j**3 - 6*j**2 - 1702*j - 3367. Determine m(-2).
-11
Let j(c) = -270*c + 10832. Determine j(37).
842
Let s(x) = 67*x**3 - 400*x**2 + 295*x - 1744. What is s(6)?
98
Let l(s) = -s**2 - 1428*s - 311783. What is l(-269)?
-12
Let k(t) = 7*t**2 + 916*t - 11978. Calculate k(12).
22
Let t(n) = -2*n**3 + 15*n**2 + 62*n - 306. Determine t(9).
9
Let j(z) = -114*z**2 + 13789*z + 611. Calculate j(121).
6
Let b(x) = -x**2 + 52*x - 1266. What is b(39)?
-759
Let p(j) = 169981*j - 849873. Determine p(5).
32
Let j(i) = -10*i**3 - 699*i**2 + 28808*i - 103. Calculate j(-99).
-4
Let k(x) = x**3 + 697*x**2 - 27240*x + 3034. What is k(37)?
0
Let r(x) = -465603*x + 1862349. Determine r(4).
-63
Let s(m) = m**3 + 49*m**2 - 138*m - 12338. Give s(-48).
-3410
Let v(a) = -62174*a**2 - 1367828*a - 34. Give v(-22).
-34
Let p(c) = 142000*c + 141991. Give p(-1).
-9
Let f(b) = -b**3 + 85*b**2 - 934*b + 79386. Give f(85).
-4
Let q(o) = 70*o**3 + 3*o**2 + 150*o - 149. Determine q(1).
74
Let p(u) = -u**3 - 22*u**2 - 165*u - 2390. Give p(-15).
-1490
Let p(l) = l**3 - 115*l**2 + 2295*l - 10098. Determine p(91).
3
Let p(v) = -6*v**2 + 129*v + 3125. Give p(34).
575
Let k(v) = -v**3 + 22*v**2 - 72*v + 983. Calculate k(20).
343
Let l(t) = 1015*t + 303460. Calculate l(-299).
-25
Let y(q) = -1084*q**2 + 5444*q + 6354. Give y(6).
-6
Let u(j) = -1030*j + 22378. Determine u(22).
-282
Let m(v) = -49736*v + 298410. Give m(6).
-6
Let n(o) = -109*o**3 - o**2 - 27*o - 27. Give n(-1).
108
Let c(a) = 9334*a + 233356. Determine c(-25).
6
Let t(w) = 270343*w - 540668. Give t(2).
18
Let n(g) = -4*g**2 - 246*g + 28786. Calculate n(-121).
-12
Let q(g) = g**3 - 195*g**2 + 1135*g - 35153. Calculate q(190).
-3
Let o(m) = -1268*m + 119357. Determine o(94).
165
Let h(b) = b**3 - 8*b**2 - 559*b + 4006. Give h(7).
44
Let g(w) = -w**3 - 286*w**2 - 38*w - 10830. Calculate g(-286).
38
Let t(j) = -8*j**3 + 126*j**2 - 85*j - 150. Calculate t(15).
-75
Let u(o) = 3*o**3 - 9*o**2 + 489*o - 4748. Give u(9).
1111
Let s(v) = -2*v**3 + 36*v**2 + 165*v - 2469. Give s(19).
-56
Let k(n) = n**3 + 7*n**2 - 3292*n - 19375. Give k(-58).
-3
Let y(z) = 784*z + 20073. Calculate y(-24).
1257
Let d(x) = -2*x**3 - 123*x**2 + 71*x + 326. What is d(-62)?
-232
Let l(i) = -i**3 - 384*i**2 + 1140*i - 8112. Give l(-387).
15
Let o(m) = -15470*m - 293935. Determine o(-19).
-5
Let d(l) = 835939*l + 5015627. Give d(-6).
-7
Let i(t) = -5*t**2 - 1064*t + 576. Determine i(-214).
-708
Let n(u) = -34*u**2 + 768*u + 161. Calculate n(18).
2969
Let t(k) = -k**3 + 8*k**2 + 505*k + 138. Determine t(27).
-78
Let f(p) = 3*p**2 - 174*p - 385. Calculate f(-3).
164
Let x(b) = 8447*b - 67558. Calculate x(8).
18
Let h(r) = 43*r**3 + 134*r**2 - 1414*r - 4283. What is h(-3)?
4
Let u(r) = 51*r**3 - 4*r**2 - 14*r - 1. Determine u(-4).
-3273
Let r(x) = 80*x**3 + 239*x**2 + 109*x + 344. Calculate r(-3).
8
Let c(o) = -o**3 - 36*o**2 + 81*o - 256. Calculate c(-38).
-446
Let z(y) = -y**2 + 3175*y - 60332. Calculate z(19).
-368
Let a(q) = -4*q**3 - 852*q**2 + 863*q + 1430. Determine a(-214).
-68
Let o(q) = 6282*q - 118942. Calculate o(19).
416
Let t(l) = -l**2 - 70*l - 1097. What is t(-25)?
28
Let n(s) = -139847*s + 978882. Calculate n(7).
-47
Let s(o) = 3*o**3 + 125*o**2 - 92*o - 218. Calculate s(-43).
-3658
Let a(w) = -78715*w - 236025. Give a(-3).
120
Let v(j) = -1631*j**2 + 300099*j + 915. Determine v(184).
-5
Let g(p) = -611*p + 4824. What is g(8)?
-64
Let o(h) = -347*h**2 - 1046*h - 2. What is o(-3)?
13
Let u(x) = -1453*x + 64285. What is u(43)?
1806
Let x(l) = -201*l - 2239. Determine x(-9).
-430
Let p(t) = -5*t**3 - 99*t**2 - 371*t + 6. What is p(-14)?
-484
Let s(w) = -4434*w**2 + 17727*w + 33. What is s(4)?
-3
Let o(x) = 4*x**3 + 3*x**2 - 63*x + 114. Determine o(4).
166
Let n(p) = -4535*p + 17052. Calculate n(4).
-1088
Let u(b) = -1343*b - 45661. Give u(-34).
1
Let z(q) = 50427*q - 251982. What is z(5)?
153
Let c(x) = 10*x**2 - 836*x + 2820. Give c(80).
-60
Let m(a) = a**3 + 22*a**2 + 137*a + 151. Give m(-9).
-29
Let y(d) = 107822*d - 215622. What is y(2)?
22
Let w(d) = 1230*d - 542438. Calculate w(441